35*y**2 - 312*y + 11. Let b be x(10). What is the highest common factor of b and 414?
23
Suppose 0 = 16*m - 14488 - 25272. What is the highest common factor of 70 and m?
35
Suppose 2*c - 168 - 179 = 3*f, -4*c + 704 = 4*f. Calculate the highest common factor of c and 125.
25
Suppose 1846 = 28*q - 3110. Let o = q + 83. Calculate the highest common factor of 26 and o.
26
Let p = -3428 + 3458. What is the highest common divisor of 320 and p?
10
Let p(n) = -684*n - 4732. Let s be p(-7). What is the highest common factor of 13048 and s?
56
Suppose 333 = 2*j - 3*x, 3*x - x + 170 = j. Let i be 2/8 + (-429)/(-12). What is the greatest common factor of i and j?
12
Suppose -20*y + 10 = -90. Suppose -23 = -4*c - 7. Suppose -c*z + 8*z - 112 = -q, -5*q = -y*z + 140. Calculate the greatest common factor of z and 70.
14
Suppose 81*o + 550*o = -73*o + 1051776. What is the greatest common factor of 36 and o?
18
Suppose 0 = 5*h - 651 - 219. Let u be 4*(-6 - h/(-12)). What is the greatest common divisor of u and 544?
34
Suppose -2*m - 5*o + 9784 = -9*o, -4*m + 19583 = -3*o. What is the greatest common factor of m and 310?
62
Let p(u) = u**2 - 9*u + 7. Let g be p(8). Let t be (0 + -1)*g*4. Suppose -2*l + 464 = l - t*c, l = 5*c + 140. Calculate the highest common factor of l and 64.
32
Let i be (-36)/(-48) + 3/(-4). Let a be (-3 - i) + 12*14 + 3. What is the greatest common factor of a and 24?
24
Suppose -10*t - 129 - 241 = -4*l, 0 = 5*l - 5*t - 470. Calculate the highest common divisor of 1121 and l.
19
Suppose -29*r + 19588 = 4711. Calculate the highest common factor of 570 and r.
57
Let y be -3 - (-488)/(-4) - 3. Let t = 139 + y. Suppose 474 = 4*w + 2*m, 0*w - 2*m - 252 = -2*w. What is the highest common divisor of w and t?
11
Let w be 407/33 + 6/9 + -1. Suppose 0 = 10*f - 11*f + w. Let l(m) = -m**3 - 3*m**2. Let r be l(-6). Calculate the highest common factor of r and f.
12
Let x = 87 - 75. Let k(a) = a - 6. Let h be k(x). Let l be 6/10 - 174/(-10). Calculate the highest common divisor of h and l.
6
Suppose 0 = 4*j - 2*o - 3*o - 151, 93 = 2*j + o. Let l be 11*(8 + 70/(-10))/1. Calculate the greatest common factor of j and l.
11
Suppose 4*o - 58*w - 59 = -55*w, 0 = 3*o + w - 54. What is the highest common divisor of o and 5610?
17
Suppose -o = -5*o + 16. Suppose -o = -i - 2*f, -i - 4*i = 5*f - 20. Let g be (-9)/(-27) + 11/3. What is the highest common divisor of g and i?
4
Let s be (4/18 + 589/(-18))*5456/(-310). Calculate the highest common divisor of s and 308.
44
Let u be (1*(4 + -4))/(-1). Let c be 0 + -1 + 65 - (u + 1). Suppose -c = x - 70. What is the highest common divisor of 35 and x?
7
Let p(z) = -z**3 + 9*z**2 - 8*z - 2. Suppose 142 = a + 135. Let v be p(a). What is the greatest common factor of v and 5?
5
Suppose -3*f = 4*y - f - 1274, 0 = 5*f - 5. Let r = 570 - y. Let p be (-2)/(0 + -6)*((-12)/4 - -87). Calculate the greatest common divisor of r and p.
28
Let x = -8154 - -8163. What is the greatest common factor of 873 and x?
9
Let u be 3/3 + (-3 - 5). Let z be 14 + u - 4/1. Suppose s = -2*p - 3*p - 7, 0 = s - z*p - 9. Calculate the highest common divisor of s and 21.
3
Let l = 102 - 57. Let m(q) = -q - l + 0*q - 10*q + 84. Let z be m(3). What is the greatest common divisor of z and 14?
2
Let r be (6/(-8))/(1/(-272)). Suppose -165 = -5*o - 0*q - 4*q, 3*o + 3*q = 96. Suppose o + 11 = 4*m. What is the highest common divisor of m and r?
12
Suppose 8*t = 13*t + c - 236, 0 = c - 6. Calculate the greatest common factor of t and 483.
23
Suppose -15840 = -23*i + 22*i - 44*i. What is the greatest common divisor of i and 2552?
88
Let g = 244 - 242. Suppose -3*j + 15 = g*j, -5*x + 2*j + 89 = 0. Calculate the greatest common divisor of 209 and x.
19
Let n(v) be the first derivative of 4*v**3/3 + 9*v**2/2 - 10*v + 1. Suppose 46*q + 134 = -96. Let k be n(q). What is the greatest common divisor of k and 5?
5
Let m = 211 + -211. Suppose m = 15*l - 48 - 87. Let s be ((-27)/2)/((-3)/6). What is the greatest common factor of l and s?
9
Suppose 0*y + 18 = -3*y. Let o be (1 - 3 - y)/2 + -5. Let q be 2 + (-4)/2 + 8 - o. Calculate the greatest common factor of 33 and q.
11
Suppose -6*u + 2*u = -3*g - 5743, 3*u - 4300 = -5*g. Suppose 1371 + u = 23*p. Calculate the greatest common factor of p and 793.
61
Let s be (-1)/(1/2)*-12. Let o = 556 + -558. Let m be 12/s - (o + (-23)/2). What is the highest common factor of 126 and m?
14
Let h(f) = -f + 120. Let z be h(102). Calculate the greatest common divisor of 3282 and z.
6
Let h = -51 + 116. Suppose 11*v - 2*p + 510 = 12*v, 5*p = -3*v + 1535. What is the highest common divisor of v and h?
65
Let w(x) = -56*x - 1253. Let a be w(-23). Calculate the highest common factor of a and 1855.
35
Suppose -3*k + 18 = u, -32 = -3*u + 10*k - 8*k. Let f(d) = d**3 - 3*d. Let x be f(4). Calculate the greatest common divisor of u and x.
4
Let x(v) be the first derivative of -v**4/4 + 4*v**3/3 + v**2 - 3*v + 67. Let h be x(3). Calculate the highest common factor of h and 32.
4
Let m be (-79)/(-316) + (-38)/24 - (-110)/6. What is the highest common factor of 731 and m?
17
Suppose w - 8*q = -13*q + 3680, -w + 3630 = -5*q. What is the highest common factor of 34 and w?
17
Let o(r) = 86*r + 452. Let g be o(-4). Suppose -7*s = -2*s. Suppose -10*q + 4*q + g = s. Calculate the highest common divisor of 45 and q.
9
Suppose 3*g + 2*g = -55. Let x(v) = -v**3 - 6*v**2 - 8*v - 5. Let t be x(-6). Let h = t + g. What is the highest common factor of 4 and h?
4
Let f(w) = w**2 + 21*w + 140. Let b be f(-13). Calculate the highest common divisor of b and 52.
4
Suppose d + 11*d - 1368 = 0. Let m = -90 + 96. Calculate the highest common divisor of m and d.
6
Suppose 34 = 4*r + 2*x, r + 0*r = 2*x - 4. Suppose 20*s = 17*s - 5*j + 229, 0 = -5*s + j + 391. What is the highest common divisor of r and s?
6
Suppose -20*u - 34922 = -37442. Suppose 0 = 2*i - 60 - 48. Calculate the greatest common divisor of u and i.
18
Let g(p) = -204*p**2 - 10*p - 11. Let o be g(-1). Let q = 217 + o. What is the highest common divisor of 444 and q?
12
Let o = 8838 - 1743. Calculate the highest common divisor of 55 and o.
55
Let a = -13717 - -13774. Calculate the greatest common factor of 9519 and a.
57
Let q be (-1414)/(-101)*(-5 - 75/(-10)). Suppose -87 = -4*r - 27. What is the greatest common factor of q and r?
5
Let k(f) = -765*f - 670. Let g be k(-1). What is the highest common divisor of 285 and g?
95
Let h(t) = -t**2 - 27*t - 54. Let k be (-189)/6*2/3. Let g be h(k). Calculate the greatest common factor of 9 and g.
9
Let n(a) = -64*a + 619. Let w be n(-32). What is the greatest common factor of 63 and w?
21
Let n be (-5)/(-2)*(11 - 9). Suppose n*r = -3*k + 69, -4*r + 59 = 3*k - 7. Suppose 0 = -2*j - 3*j + 360. Calculate the greatest common factor of k and j.
18
Let h(g) = -8*g**3 + 61*g**2 + 24*g + 8. Let u be h(8). What is the highest common divisor of 1432 and u?
8
Let p = 64 - 47. Let a be p + (-8 - (-8 + 8)). What is the greatest common divisor of a and 333?
9
Suppose -f + 0*f + 260 = 0. Let v be (7 - (23 + -13)) + (-9 - 3 - -55). Calculate the greatest common divisor of v and f.
20
Let g be 5028/3 - (9 + 2). Calculate the greatest common factor of g and 60.
15
Let k(c) = c**3 - 22*c**2 + 25*c - 104. Let y be k(21). Let f be 1 + (-110)/(y/4). Calculate the highest common divisor of 575 and f.
23
Let l(n) = -n**3 + 17*n**2 - 36*n - 158. Let h be l(13). What is the highest common factor of 2075 and h?
25
Let c(s) = -91*s - 2. Let b be c(-2). Let a = 130977 - 130897. What is the highest common factor of b and a?
20
Suppose -2*i + 9 - 5 = 0. Let p be i + (128 - -2) - -3. Calculate the highest common divisor of 27 and p.
27
Let v(h) = -9*h**2 + 51 - 209 - 5*h - h**3 + 48 + 75. Let j be v(-9). Calculate the greatest common divisor of j and 32.
2
Suppose 0 = 2*l - 77 + 35. Let j be ((4 + -6)/(-2))/(2/94). Suppose -5*a + j = 4*b, 4*b - 17 = -a + 2. What is the highest common divisor of l and a?
7
Suppose -3*j + 13208 = 49*j. Suppose -j*m + 266*m = 2592. What is the highest common factor of 24 and m?
24
Suppose -5*u + 5*l = -70, 3*u - 78*l + 79*l - 30 = 0. Let x = -97 + 147. Suppose u*v + 6 = x. What is the greatest common factor of v and 16?
4
Suppose -2*m + 1306 = 2*l, 0*l + 3265 = 